et h be 6 + -3 + -9 + 3. List the prime factors of (170/h + -3)*(8 - 11).
179
Suppose 27*s - 10948 - 23450 = 0. Suppose s = 3*m - 5*w, 0 = -3*m + 6*m - 3*w - 1272. What are the prime factors of m?
3, 47
Let l be (-1)/(-3)*((10 - 2) + 19). Let g be 82/4*(-1 - -3). Suppose -g = -l*t + 58. List the prime factors of t.
11
Let h be 73/6 - 4/24. Suppose 2*p = 3*o + 6 + 8, -4*p - h = 4*o. List the prime factors of 3/p*((-716)/(-12) + 0).
179
Let h(q) = 4*q**2 + 83*q - 29. List the prime factors of h(-57).
2, 29, 71
Let a = -11089 + 16411. Suppose -16*h + 1718 = -a. Suppose 3*y + 2*y = h. What are the prime factors of y?
2, 11
Let t(l) = -2043*l + 246. List the prime factors of t(-3).
3, 5, 17
Suppose -4*b = 2*h - 16942, 5*h = 6*h + b - 8472. List the prime factors of h.
37, 229
Let v = 7706 + 4357. List the prime factors of v.
3, 4021
Let u = 45 + -36. Suppose j + 3*p + u = 0, 0*p = p + 4. Suppose j*g = g + h + 47, -5*g + 150 = 4*h. What are the prime factors of g?
2, 13
Let j = 1428 - 2207. Let d = -288 - j. What are the prime factors of d?
491
Let j = 44 + -68. Let v = j + -96. List the prime factors of (-14568)/v - (-2)/(-5).
11
Let q be (5 + 91/(-35))/(3/5). Suppose 2*k - 2862 = -4*w, -q*k = 3*w + w - 5712. List the prime factors of k.
3, 5, 19
Let a(t) = -t**3 + 4*t**2 - 8*t + 15. Let q be a(-5). Let m = -215 + q. List the prime factors of m.
5, 13
List the prime factors of (72852/2335)/(3/4220 - 0).
2, 13, 211
Let w = 4515 - -1557. What are the prime factors of w?
2, 3, 11, 23
Let m = 135 + -77. Let t be ((-1)/(-3))/(8/168). Let s = t + m. List the prime factors of s.
5, 13
Suppose 60 = 5*b - p, -p = b + 2*b - 28. Suppose 5*u - 36 + b = 0. Suppose -u*r - k + 226 = -2*r, -2*r = -3*k - 136. List the prime factors of r.
2, 37
Suppose 4*a - 42792 = -20*a. Suppose 257 = -7*d + a. What are the prime factors of d?
2, 109
Let q(o) = -101*o**3 - 5*o**2 - 5*o - 5. Suppose -1 = -9*i - 19. What are the prime factors of q(i)?
13, 61
Suppose -3*z = 101*k - 98*k - 60324, 4 = 2*k. What are the prime factors of z?
2, 3, 1117
Let p = 1 + 2. Suppose -4*y = h - 6*h - 1064, 833 = p*y + 5*h. Let t = 382 - y. List the prime factors of t.
3, 37
Suppose -18 = -3*q - 27. What are the prime factors of -3 - ((q - 521) + -2)?
523
Suppose -4*y + 35 - 15 = 0. Suppose -y*c = -443 + 93. Suppose -68*w = -c*w + 400. What are the prime factors of w?
2, 5
Let q(r) = -r**2 - 35*r - 45. Let c be (-3)/(-9) - (-2256)/(-72). List the prime factors of q(c).
79
Let n = 77 + 34. Suppose 2771 = 14*q + n. List the prime factors of q.
2, 5, 19
Let p(i) be the second derivative of i**5/20 - 11*i**4/12 + 5*i**3/6 + 27*i**2/2 - 27*i + 2. List the prime factors of p(12).
3, 7, 11
Let m(k) = 258*k + 29. Let l(w) = 772*w + 87. Let d(y) = -4*l(y) + 11*m(y). What are the prime factors of d(-4)?
971
Suppose 0 = 2*k + 7*o - 5*o - 4018, -2*k + 4038 = -2*o. Suppose 7*h - 79 = k. What are the prime factors of h?
13, 23
Suppose 450 = -5*x + 7545. Suppose 32*m + 363 = x. What are the prime factors of m?
3, 11
Suppose p = -3*t + 7695, 9*p - 13188 = -t + 55963. What are the prime factors of p?
3, 13, 197
Let v(c) be the third derivative of -3*c**4/8 + c**3 + 3*c**2. Suppose 5*i - 73 = 8*i - 4*d, -d = i + 15. List the prime factors of v(i).
3, 59
Let u(f) = -f**3 - 7*f**2 - 9*f + 5. Let n be u(-5). Let z(a) = -a**2 - 2*a + 124. What are the prime factors of z(n)?
2, 31
Suppose 30 = 5*c, 0 = -4*m + 5*c + 29488 + 16194. List the prime factors of m.
2, 2857
Suppose -138388 = -12*u - 53020. List the prime factors of u.
2, 3557
Let q(z) = 79*z - 175. Let d be q(8). Let f be ((-1378)/6)/(4/(-12)). Let v = f - d. What are the prime factors of v?
2, 29
Suppose -126 = 212*f - 218*f. Suppose 160 = f*y - 176. What are the prime factors of y?
2
Let x be (-661)/(-17) - 14/(-119). Let o = 249 - x. What are the prime factors of (-24)/14*o/(-45)?
2
Let g be 4 + (3 - -1) + -3. Suppose 5*q = -l - 67, g*q - 3*l = -l - 76. List the prime factors of q*(1 + 38/(-4)).
7, 17
Let t(m) = -45*m - 6. Suppose 3*w = -4*w - 56. Let y(q) = -30*q - 4. Let c(h) = w*y(h) + 5*t(h). What are the prime factors of c(3)?
47
Let b(t) be the second derivative of -t**5/20 + 17*t**4/6 - t**3 + 143*t**2/2 - 3*t + 1. What are the prime factors of b(33)?
2, 11, 47
List the prime factors of (-886)/((78/91)/(-6)).
2, 7, 443
Suppose 2*q + d + 0*d = 26, 0 = -3*q - 5*d + 39. Let r(c) = 5 - 28*c - 23*c - q*c. What are the prime factors of r(-3)?
197
Suppose 3*q - 4*r - 23 = 0, -14 + 0 = -4*q - 3*r. Suppose q*x = 24*x - 3021. List the prime factors of x.
3, 53
Suppose 0 = 5*u + d + d - 93, -u = 5*d - 37. Suppose 12*s + 4875 = u*s. What are the prime factors of s?
3, 5, 13
What are the prime factors of 2250/20*(-10602)/(-95)?
3, 5, 31
Suppose -45*d + 14008 + 360840 + 432722 = 0. What are the prime factors of d?
2, 3, 997
Let v(t) = t**2 - 18*t + 3. Let a = -2 + 20. Let c be v(a). List the prime factors of c*26 - (-4 + 0).
2, 41
Let x(c) = c**3 - 14*c**2 + 13*c + 15. Let o be x(13). Suppose -29 - 16 = -o*i. Suppose -4*u = 2*q - 562, -i*q - 136 = -u + q. List the prime factors of u.
2, 5, 7
Let c = 47216 - 27409. List the prime factors of c.
29, 683
Let t(g) be the second derivative of g**5/20 - g**4/4 + 6*g. Let d be t(5). Let w = d - 23. List the prime factors of w.
3
What are the prime factors of (-18)/21 + 748/(-238) - -2194?
2, 3, 5, 73
Let o(t) be the first derivative of 2*t**3/3 - 27*t**2/2 + 32*t + 94. List the prime factors of o(19).
241
Let v = 12442 + -8468. What are the prime factors of v?
2, 1987
Suppose -3*g - 12 = -3*u, -4*u + 12 = g - 3*g. Suppose -3*t + 803 = u*s - 572, -t + 477 = -4*s. What are the prime factors of t?
461
Suppose 0 = -9*n + 4*n + 2935. Suppose -4*g + 7*g = -3*s + 585, -3*g - s = -n. What are the prime factors of g?
2, 7
Let r be (-20)/(-2)*(-69)/(-115). Suppose r*i - 8*i + 239 = -5*m, 0 = -2*i + 2*m + 248. List the prime factors of i.
127
Let t = 50839 - 32620. What are the prime factors of t?
3, 6073
Let s = 935 + -83. Suppose s = 8*h - 6*h. List the prime factors of h.
2, 3, 71
Let x = -159 - -159. List the prime factors of (-1)/4 + x - 18619/(-172).
2, 3
Let i(l) be the first derivative of -31*l**4/4 - 4*l**3/3 - 7*l**2 - 43*l - 173. List the prime factors of i(-4).
1933
Let m(p) = -2*p**2 - 30*p - 16. Let c = 7 - 19. List the prime factors of m(c).
2, 7
Suppose 0 = -294604*q + 294631*q - 529497. What are the prime factors of q?
3, 2179
Suppose 0 = 5*g - 6593 - 7717. List the prime factors of g.
2, 3, 53
Let h(v) = -11*v**3 - 6*v**2 - 84*v + 268. What are the prime factors of h(-9)?
43, 199
Let m(v) = 33*v**2 - 151*v - 1281. List the prime factors of m(-9).
3, 7, 131
Suppose -5*l = -3*v + 45, 0*v + 5*l - 35 = -5*v. Let g(t) = 26 - 12 + 26 + t + t**2 - 5*t - 5. What are the prime factors of g(v)?
5, 19
Suppose 105960 = 85*o - 336251 - 870954. List the prime factors of o.
7, 2207
Let v = -313 + 301. Let b(z) = -z**2 - 16*z - 14. What are the prime factors of b(v)?
2, 17
Let z(j) = 4*j**3 + 4*j**2 + j - 1. Suppose -2*w + 0 = -4. Suppose 5*r + 2*m = 5, -w*m = 5*r + 2*m + 5. List the prime factors of z(r).
2, 73
Let q(y) = 72*y + 1715. List the prime factors of q(39).
4523
What are the prime factors of -116*(-16283)/380 + 9/(-15)?
2, 5, 7, 71
Let b(v) = 19*v**3 - 3*v**2 - 23*v + 60. What are the prime factors of b(5)?
5, 449
List the prime factors of (8/(-6))/((-14)/(-221130)*-10).
2, 3, 13
Let i(q) = 2*q**2 + 5*q + 38. Suppose -63 = 8*x - 151. What are the prime factors of i(x)?
5, 67
Let z(t) = -6*t - 11*t - 25*t + 5 + 17*t - 26*t. List the prime factors of z(-12).
617
Suppose 75*a = 73*a + 4. Suppose -j + 1380 = 3*j + 2*m, -a*j + 696 = 4*m. List the prime factors of j.
2, 43
Let z = -48 + 32. Let v = z - -21. Let k(n) = 2*n**3 - 4*n**2 - 11*n + 5. What are the prime factors of k(v)?
2, 5
Let q be 506/2 + (3 - 6). Let r(c) = -3*c**3 - c**2 + c - 3. Let j be r(-4). Let y = q - j. What are the prime factors of y?
3
Let a(z) = z**3 + 7*z - 19. Let p be a(2). Suppose p*y = 307 + 359. What are the prime factors of y?
2, 3, 37
Let d be (-2 - -5) + (48 - 55). Let w(r) = -2 + 3*r**2 - 10*r + 3 - 2. List the prime factors of w(d).
3, 29
Let k(c) = -201*c - 19. Let w = 35 - 40. Let r be k(w). What are the prime factors of (30/65)/3 - r